ainder when 18842996 is divided by 9?
2
What is the remainder when 401155 is divided by 81?
43
What is the remainder when 109610 is divided by 2120?
1490
What is the remainder when 47147 is divided by 1563?
257
Calculate the remainder when 723847 is divided by 13912.
423
What is the remainder when 78583231 is divided by 13?
12
Calculate the remainder when 56553 is divided by 7050.
153
Calculate the remainder when 80015300 is divided by 20003819.
24
Calculate the remainder when 211187 is divided by 70385.
32
Calculate the remainder when 1280850 is divided by 640397.
56
What is the remainder when 8453 is divided by 3726?
1001
Calculate the remainder when 11609 is divided by 3323.
1640
What is the remainder when 67755 is divided by 33782?
191
Calculate the remainder when 23985 is divided by 333.
9
What is the remainder when 5238 is divided by 1475?
813
Calculate the remainder when 18941622 is divided by 578.
562
What is the remainder when 5599970 is divided by 2078?
1838
What is the remainder when 23921099 is divided by 1259003?
42
Calculate the remainder when 2284 is divided by 1676.
608
What is the remainder when 349819954 is divided by 647?
641
Calculate the remainder when 82564 is divided by 4379.
3742
What is the remainder when 1117384 is divided by 2178?
70
Calculate the remainder when 751978 is divided by 250634.
76
Calculate the remainder when 131329 is divided by 21886.
13
What is the remainder when 308612 is divided by 44057?
213
Calculate the remainder when 6269395 is divided by 65993.
60
What is the remainder when 35946 is divided by 2951?
534
What is the remainder when 983319 is divided by 20?
19
What is the remainder when 21583822 is divided by 53?
49
Calculate the remainder when 102399 is divided by 16924.
855
Calculate the remainder when 969755 is divided by 6465.
5
What is the remainder when 6802422 is divided by 247?
42
What is the remainder when 13189102 is divided by 1970?
1922
Calculate the remainder when 73838159 is divided by 14767631.
4
What is the remainder when 8417 is divided by 146?
95
What is the remainder when 1470685 is divided by 1055?
15
What is the remainder when 308916 is divided by 565?
426
What is the remainder when 9908052 is divided by 69?
66
What is the remainder when 1391650 is divided by 231940?
10
What is the remainder when 2442441 is divided by 176?
89
Calculate the remainder when 4161972 is divided by 1696.
1684
What is the remainder when 101390 is divided by 314?
282
Calculate the remainder when 13439995 is divided by 60.
55
What is the remainder when 3185480 is divided by 61?
60
Calculate the remainder when 26989 is divided by 1233.
1096
What is the remainder when 54485 is divided by 12586?
4141
What is the remainder when 1218458 is divided by 16?
10
What is the remainder when 24924566 is divided by 85?
16
What is the remainder when 399804 is divided by 14?
6
What is the remainder when 22247345 is divided by 135?
20
What is the remainder when 1215175 is divided by 60695?
1275
What is the remainder when 27397724 is divided by 978?
32
Calculate the remainder when 746405 is divided by 493.
3
What is the remainder when 53068 is divided by 19?
1
Calculate the remainder when 270322 is divided by 9361.
8214
What is the remainder when 588409821 is divided by 494?
493
Calculate the remainder when 9024664 is divided by 820423.
11
What is the remainder when 43774 is divided by 43774?
0
Calculate the remainder when 4942659 is divided by 4942647.
12
What is the remainder when 12583 is divided by 1893?
1225
What is the remainder when 11056744 is divided by 21?
13
What is the remainder when 423263812 is divided by 3602?
3598
Calculate the remainder when 1716122457 is divided by 9930.
9927
What is the remainder when 4792609 is divided by 4?
1
What is the remainder when 150132 is divided by 49705?
1017
What is the remainder when 85354 is divided by 741?
139
What is the remainder when 184780 is divided by 1829?
51
What is the remainder when 984881 is divided by 204?
173
Calculate the remainder when 3377278 is divided by 15.
13
What is the remainder when 60970 is divided by 1206?
670
What is the remainder when 163613831 is divided by 62?
47
What is the remainder when 259429 is divided by 5473?
2198
Calculate the remainder when 8391 is divided by 763.
761
Calculate the remainder when 19738457 is divided by 10.
7
What is the remainder when 2132977 is divided by 105?
7
What is the remainder when 443476 is divided by 10815?
61
What is the remainder when 9591999 is divided by 1198997?
23
What is the remainder when 359852 is divided by 805?
17
Calculate the remainder when 324848 is divided by 1888.
112
Calculate the remainder when 20441442 is divided by 16525.
17
Calculate the remainder when 1852398 is divided by 185239.
8
What is the remainder when 611610 is divided by 9151?
7644
Calculate the remainder when 423118 is divided by 140866.
520
Calculate the remainder when 357904 is divided by 89466.
40
What is the remainder when 8511129 is divided by 1688?
233
Calculate the remainder when 47719925 is divided by 47719923.
2
Calculate the remainder when 17020841 is divided by 810501.
320
What is the remainder when 441283 is divided by 627?
502
What is the remainder when 134748 is divided by 10830?
4788
Calculate the remainder when 105818 is divided by 11672.
770
What is the remainder when 9138414 is divided by 506?
54
Calculate the remainder when 213532 is divided by 4824.
1276
Calculate the remainder when 145626620 is divided by 2112.
2108
What is the remainder when 6187982 is divided by 495?
482
Calculate the remainder when 648330 is divided by 162020.
250
What is the remainder when 24182 is divided by 3406?
340
What is the remainder when 30715371 is divided by 15357611?
149
Calculate the remainder when 52672 is divided by 1255.
1217
Calculate the remainder when 658352 is divided by 188.
164
Calculate the remainder when 10286548 is divided by 1576.
1572
What is the remainder when 2346979 is divided by 63?
40
Calculate the remainder when 70619 is divided by 17198.
1827
Calculate the remainder when 17342 is divided by 16806.
536
What is the remainder when 859029 is divided by 286337?
18
Calculate the remainder when 7858 is divided by 862.
100
Calculate the remainder when 4319014 is divided by 7768.
6
Calculate the remainder when 115891 is divided by 241.
211
What is the remainder when 95512 is divided by 8681?
21
What is the remainder when 582031 is divided by 29050?
1031
What is the remainder when 1323606 is divided by 94508?
494
What is the remainder when 60431 is divided by 278?
105
What is the remainder when 34446853 is divided by 2837?
2836
Calculate the remainder when 611813 is divided by 305889.
35
What is the remainder when 790092 is divided by 35?
2
Calculate the remainder when 10306622 is divided by 936965.
7
What is the remainder when 10362276 is divided by 51?
45
Calculate the remainder when 13518 is divided by 3375.
18
Calculate the remainder when 45495 is divided by 78.
21
What is the remainder when 1218807 is divided by 406266?
9
Calculate the remainder when 3265 is divided by 988.
301
What is the remainder when 518410 is divided by 3082?
634
Calculate the remainder when 725403 is divided by 65939.
74
Calculate the remainder when 22981180 is divided by 91.
40
What is the remainder when 84137 is divided by 81668?
2469
What is the remainder when 1096855 is divided by 221?
32
What is the remainder when 398040 is divided by 3111?
2943
What is the remainder when 2036554 is divided by 509122?
66
What is the remainder when 5926012 is divided by 2912?
92
Calculate the remainder when 143005902 is divided by 2073.
2070
What is the remainder when 3898744 is divided by 5?
4
Calculate the remainder when 10821740 is divided by 4159.
22
What is the remainder when 1423625 is divided by 1929?
23
What is the remainder when 1604032 is divided by 3166?
2036
What is the remainder when 2086431 is divided by 21?
18
What is the remainder when 20934686 is divided by 19366?
40
Calculate the remainder when 859748 is divided by 214936.
4
Calculate the remainder when 163933 is divided by 2049.
13
What is the remainder when 169282 is divided by 10577?
50
What is the remainder when 862214 is divided by 54?
50
Calculate the remainder when 6